10100111001110100 (base 2) in base 9?
808750
7b3179 (base 13) to base 9
5440535
2819a5 (base 11) to base 13
1260cc
Convert c3491b (base 14) to base 12.
2254b79
-1465772 (base 8) to base 4
-1212233322
What is 346189 (base 12) in base 7?
10066101
What is 109788 (base 10) in base 11?
75538
What is 3d25e (base 16) in base 5?
31003322
1bd18 (base 14) to base 9
117557
What is -1010100000110011001 (base 2) in base 4?
-1110012121
What is 881421 (base 13) in base 3?
20000122221200
Convert -304201221 (base 5) to base 7.
-13355345
Convert 496293 (base 10) to base 11.
309966
What is 33200302 (base 4) in base 16?
f832
What is 165414 (base 7) in base 13?
1210b
-112201301220 (base 4) to base 11
-3373998
Convert -435a8b (base 12) to base 14.
-1db17d
Convert 203967 (base 11) to base 6.
11003025
What is -16306165 (base 7) in base 12?
-643624
25cc5b (base 15) to base 5
431041121
520312512 (base 6) to base 10
8983196
What is -2538262 (base 10) in base 5?
-1122211022
What is 5ab46 (base 14) in base 16?
3622a
What is -1333322 (base 4) in base 3?
-102020012
-20001311002 (base 4) to base 6
-113035414
-1615795 (base 10) to base 9
-3032407
74c159 (base 13) to base 3
12011012102212
a3c706 (base 14) to base 3
101101211201010
Convert 1244587 (base 9) to base 11.
42430a
-413042 (base 5) to base 2
-11010011010010
10011001100010010 (base 2) to base 7
445120
Convert 8a5cd (base 14) to base 9.
561724
What is -209470 (base 14) in base 9?
-2057534
What is -14523444 (base 6) in base 3?
-221212000101
Convert 214875 (base 11) to base 6.
11204301
What is -121bc (base 14) in base 6?
-540534
-4abd6a (base 14) to base 7
-30554463
Convert 17a30aa (base 11) to base 14.
595453
Convert -120020001221100 (base 3) to base 14.
-1108938
Convert 404281 (base 12) to base 11.
625318
-14330232 (base 5) to base 10
-151942
What is -a32441 (base 11) in base 12?
-67b334
What is 201302331 (base 4) in base 2?
100001110010111101
-646883 (base 10) to base 11
-402016
-699849 (base 10) to base 4
-2222313021
What is -10000101011110110010 (base 2) in base 11?
-343855
What is 203904 (base 10) in base 6?
4212000
What is -2021120321 (base 4) in base 5?
-121001440
Convert -11aa9a (base 11) to base 6.
-4025041
Convert -1012202101222 (base 3) to base 6.
-21452512
-37222766 (base 8) to base 15
-ac0213
Convert 48301 (base 9) to base 4.
13321000
41718 (base 12) to base 5
10220300
Convert 3414210 (base 6) to base 7.
1321164
What is 8884 (base 12) in base 3?
202200101
Convert 352212 (base 7) to base 9.
105643
What is 33e72c (base 16) in base 3?
20101211000002
Convert -114235420 (base 6) to base 14.
-405952
What is cb9c86 (base 13) in base 6?
250411154
What is -2113223013 (base 4) in base 6?
-21152103
Convert 37a45 (base 13) to base 8.
310631
What is -10000201022222 (base 3) in base 4?
-12020223200
What is -225573 (base 8) in base 13?
-28b86
-10241154 (base 6) to base 14
-7b970
-26520030 (base 7) to base 4
-21110021232
-6c55bb (base 14) to base 3
-20222010021210
16073 (base 13) to base 10
41837
Convert 1012110002100 (base 3) to base 14.
128a71
-675a7c (base 13) to base 8
-11236417
What is -405805 (base 11) in base 5?
-131324312
751934 (base 16) to base 10
7674164
What is 258574 (base 9) in base 4?
212120113
Convert 29936c (base 13) to base 10.
1020005
Convert -10100100101001110 (base 2) to base 10.
-84302
What is 21cbb (base 14) in base 7?
461224
What is -131223424 (base 5) in base 15?
-cc2ae
What is -1440135 (base 8) in base 6?
-12440421
Convert 11110000122 (base 3) to base 16.
155c9
What is 4cd14 (base 14) in base 3?
100121110212
What is 90a5b (base 12) in base 5?
22010020
-18375229 (base 10) to base 3
-1021120120002001
What is -149634 (base 10) in base 2?
-100100100010000010
What is -12271001 (base 9) in base 13?
-1325a94
What is 8118b8 (base 15) in base 16?
5d8d1d
-22400 (base 15) to base 13
-3a74c
Convert -6106335 (base 7) to base 15.
-e4bdc
-324141223 (base 6) to base 2
-10110000111101011001111
c2b088 (base 13) to base 5
2130140132
27737 (base 15) to base 14
3415c
2126063 (base 7) to base 3
111011021222
151c18 (base 16) to base 15
1c4d9d
326205 (base 8) to base 13
3ac17
What is -179987 (base 10) in base 13?
-63c02
What is 123302103 (base 4) in base 8?
336223
318a5a (base 16) to base 3
20002221121111
What is 30201203 (base 5) in base 10?
240803
What is 575a8 (base 11) in base 5?
10130440
What is 49908 (base 11) in base 6?
1311400
13721 (base 15) to base 10
62356
Convert -270348 (base 13) to base 6.
-32114040
-1b4741 (base 15) to base 12
-54258a
Convert -1740751 (base 8) to base 13.
-14a532
What is -3360002 (base 8) in base 2?
-11011110000000000010
211221023 (base 4) to base 5
14413222
23c067 (base 14) to base 2
100101010110011101011
What is -3064375 (base 8) in base 10?
-813309
11221202112 (base 3) to base 14
27771
110111001100001110 (base 2) to base 13
7bb85
What is -4053532 (base 6) in base 8?
-572640
-100001111010010001110 (base 2) to base 8
-4172216
Convert -434403 (base 6) to base 12.
-18a03
Convert 111010100110100 (base 2) to base 8.
72464
What is -13364032 (base 8) in base 3?
-12122211221100
Convert -2052313 (base 6) to base 3.
-12002122100
22104024 (base 5) to base 9
321166
Convert eb70c (base 15) to base 16.
b67c6
Convert -1137024 (base 14) to base 2.
-11111010010011001111000
-212101201 (base 4) to base 5
-20004034
Convert -10111111111001111101 (base 2) to base 3.
-1110221020210
Convert -1043f (base 16) to base 2.
-10000010000111111
What is -1345533033 (base 6) in base 3?
-1011001221120210
1111111001100101 (base 2) to base 8
177145
-368be (base 16) to base 11
-142951
-22804 (base 9) to base 14
-57a0
What is -9a443 (base 12) in base 4?
-301323303
-97b64 (base 13) to base 2
-1000010111111000001
What is -21001020221020 (base 3) in base 7?
-43554600
What is -103323032230 (base 4) in base 15?
-6d29ca
Convert 10110000110100011 (base 2) to base 9.
147160
What is 23224041 (base 5) in base 4?
303203022
What is -21322311312 (base 4) in base 15?
-3656e0
Convert -269c1d (base 14) to base 8.
-5053743
34323343 (base 5) to base 7
2421611
-10a4aa9 (base 14) to base 7
-124243102
-1b1c01 (base 14) to base 12
-3a68a1
What is -166134443 (base 7) in base 6?
-1045051402
What is -366033 (base 8) in base 9?
-211726
Convert ba180 (base 13) to base 11.
20a831
Convert -113131212 (base 4) to base 2.
-10111011101100110
What is -231404241 (base 5) in base 7?
-11606445
Convert -17931 (base 10) to base 7.
-103164
What is 315353255 (base 6) in base 15?
7541a2
What is 101001101000001000001 (base 2) in base 4?
11031001001
-758311 (base 15) to base 2
-10101010110010100011001
-a82762 (base 14) to base 13
-1244069
Convert 1425103440 (base 6) to base 2.
1000011001000010111010000
Convert 1c7b05 (base 13) to base 3.
1101011010000
What is -476a72 (base 14) in base 5?
-1111014412
4c07c (base 14) to base 2
101101100101001110
Convert -324210430 (base 5) to base 13.
-39c1bb
Convert 35b09 (base 14) to base 2.
100000000000111101
Convert -11111000111001100 (base 2) to base 12.
-618b8
What is 42b152 (base 12) in base 11?
661443
25502055 (base 6) to base 10
832499
-2310207 (base 8) to base 14
-124611
-1c1993 (base 15) to base 6
-45225433
What is -e914 (base 16) in base 3?
-10000211221
-38e0f (base 16) to base 15
-4906a
Convert -187385 (base 9) to base 6.
-2301252
Convert -16152160 (base 7) to base 2.
-101111100100111110010
What is -342313130 (base 5) in base 12?
-617160
What is 7796 (base 13) in base 15?
4e25
Convert 105746 (base 11) to base 2.
101001001010011011
What is 1b761 (base 16) in base 11?
77566
168563 (base 15) to base 7
12163521
Convert -4302341 (base 5) to base 9.
-120055
Convert -947950 (base 11) to base 15.
-1eedc4
-25729 (base 13) to base 12
-34151
What is 2474125 (base 8) in base 5?
133424130
Convert 66c0e (base 15) to base 7.
2530343
Convert -82239 (base 11) to base 6.
-2323522
Convert -ac21a (base 16) to base 13.
-1b8bb8
Convert -4160566 (base 8) to base 7.
-12255230
What is -11110011200120 (base 3) in base 2?
-1001000001011111000001
What is -7000512 (base 9) in base 12?
-12b509b
1066574 (base 8) to base 4
1012311330
-10111110110001000100110 (base 2) to base 11
-358a55a
What is 20010221121122 (base 3) in base 10?
3266369
6160530 (base 7) to base 5
142043443
-24267d (base 15) to base 7
-20462116
242073 (base 11) to base 15
78908
Convert